e -4*w + 7*j = 2*j - 12, 5*w + 2*j = -18. Let q be w*((-21)/2)/(-7). Let t(s) = -5*s**3 + s**2 + 5*s + 4. Is t(q) prime?
False
Suppose -5*s - 384 = -2*s. Let c(y) = -23*y + 10. Let f be c(-9). Let a = s + f. Is a composite?
False
Let i = 8 + -8. Is 4 + 352 + (i - -3) a prime number?
True
Is (3/(36/16) - 1)*249609 composite?
False
Let z(j) = 2*j**2 - 49*j - 45. Is z(26) prime?
False
Suppose -5*n + n - 4844 = 2*k, -3623 = 3*n + 4*k. Is (0/(-4))/(-1) - n a prime number?
True
Suppose 3*k + 1214 = d - 0*d, -5 = k. Is d a prime number?
False
Is ((-196316)/(-12))/(2/6*1) a prime number?
False
Let v = -13053 + 22792. Is v a composite number?
False
Let o = 10 + -7. Suppose -4*l + o*g - 2*g - 9 = 0, -3*l + 3*g - 18 = 0. Is (1 - -54) + l + -1 prime?
True
Suppose 3*j = -3*b + 18, -5*j + b + 2*b + 70 = 0. Let n = j - 10. Is (110 + n)*(-1 + 2) a prime number?
False
Suppose 0 = -2*j + 572 + 472. Suppose 3*c = 4269 - j. Is c prime?
True
Suppose -13 = -2*g + 9. Suppose 0 = 4*x - 3*s - g, s + 3 = -x + 11. Suppose -u + 2*j - 7*j = -96, 2*u + x*j - 202 = 0. Is u a prime number?
False
Let a be (1256/6)/((-26)/(-117)). Suppose a = -52*o + 55*o. Is o prime?
False
Is 8/4 + (-63021)/(-7) prime?
False
Let i(y) = y**2 - 6. Suppose -4*h = -14 + 2. Let p be i(h). Is p - ((4 - 3) + -263) composite?
True
Suppose 9 + 3 = 3*b + 3*k, 5*b - 3*k = -12. Suppose 0 = 2*w + x - b*x + 6, 0 = 4*x - 8. Is 1*(2 + w + 235) prime?
True
Suppose -112*u + 94*u = -58698. Is u a prime number?
False
Is 421090/15 - (-20)/60 prime?
False
Suppose 4 = -4*u, 4*v + 0*u + 4*u = -12. Suppose -41*q + 54 = -32*q. Is (598/q)/(v/(-6)) a prime number?
False
Suppose 5*k + 20 = 0, -11*h - 5*k = -7*h - 2240. Is h a prime number?
False
Suppose 4*a = -q + 49, -5*q + 4*a = 2*a - 157. Suppose -4*o - 2*y + 222 = -0*o, 0 = -o - 5*y + q. Is o composite?
True
Let b = 25 + -31. Let z(u) = u**2 + 1. Let h(p) = 8*p**2 + 4*p + 5. Let q(m) = b*z(m) + h(m). Is q(15) composite?
False
Let w(d) = -160*d - 15. Let t(a) = -a - 1. Let k(v) = -t(v) + w(v). Is k(-5) prime?
False
Suppose 0*g + 5*i = -5*g + 55, -5*g = -5*i - 75. Suppose -5*u + 12 = -2*u, 236 = 4*z - 2*u. Suppose -y + 80 = k, -z = -k + y + g. Is k a prime number?
False
Let m = 1524 - -169. Is m composite?
False
Let v(u) = -u**3 - 3*u**2 + 7*u + 4. Let s(o) = 2*o**3 + 12*o**2 - 5 - 13*o**2 - o - 3*o**3. Let i be s(0). Is v(i) prime?
True
Let t = 31 + -26. Suppose t = 4*m - 7, 3*s - m = 486. Is s prime?
True
Suppose 58*v = 32*v + 240682. Is v a prime number?
True
Let q = 971 - -1289. Suppose q = -6*c + 2*c. Let u = 858 + c. Is u a prime number?
True
Suppose 26*n = 483944 + 1605962. Is n composite?
True
Let j(q) be the second derivative of q**3/3 - 39*q**2/2 + 3*q. Let x(g) = -4*g + 78. Let w(i) = -13*j(i) - 6*x(i). Is w(0) composite?
True
Let q(x) be the third derivative of -x**6/120 + x**5/5 + x**4/2 + 5*x**3/2 + 3*x**2. Is q(12) a composite number?
True
Suppose -15 + 51 = 3*c. Suppose c*g - 17361 = 1371. Is g a prime number?
False
Let h(u) = 238*u**2 - 6*u - 7. Suppose 3*d + 10 = 1. Is h(d) prime?
True
Suppose -76 = -2*w + 200. Let v = 415 - w. Is v a prime number?
True
Let o(n) = 186*n**2 - 13*n + 2. Is o(-9) prime?
False
Suppose -2*p - 3*v + 26990 = 0, 82487 = 4*p - v + 28507. Is p composite?
True
Let z = -99 + 99. Suppose z = 6*v + 4*v - 28130. Is v a prime number?
False
Let n(i) = 6297*i**3 - 2*i**2 - 2*i + 4. Is n(1) a composite number?
True
Suppose g - 8 - 5 = 4*a, 4*g + 5*a + 32 = 0. Is (-54780)/(-36) + (-4)/g composite?
False
Let p be (-20)/(-16)*(-8 - 0). Is ((-1262)/3)/(p/15) a composite number?
False
Suppose 14*c + 51 = 317. Is c prime?
True
Is 178514/10 - (-112)/(-280) a prime number?
True
Let u = 276 - 121. Suppose -i + 8 + u = 0. Is i prime?
True
Let h be (9966/(-12))/((-1)/2). Suppose -9*w = -10*w + h. Suppose 0 = -5*g - n + 1649, 5*g + 7*n - 3*n = w. Is g a composite number?
True
Suppose -4*t + 67935 = -3*d + 8*d, -54384 = -4*d + 4*t. Is d prime?
True
Suppose -10202 = -8*b + 127550. Is b a composite number?
True
Let i(z) = z - 11. Let s be i(14). Is ((-2)/s)/(4/(-582)) a composite number?
False
Let t(a) = 51*a**3 + 4*a**2 - 54*a + 68. Is t(11) a prime number?
False
Suppose 5*w + 5*z = 148035, -z - 148011 = 2*w - 7*w. Is w a prime number?
False
Suppose 923 = -5*z + 18*z. Suppose 473 = 2*d + z. Is d prime?
False
Let w(o) = 56*o**2 + o - 8. Let t be w(3). Suppose 2*y - 59 + t = 2*f, -f + 210 = 4*y. Is f a prime number?
False
Suppose 21*m - 73383 = 73554. Is m a composite number?
False
Suppose 13*y = 57627 + 89312. Is y a prime number?
False
Let v(g) = -g + 4. Suppose -3*j = -5*j - 8. Let y be v(j). Is y/28 - 12885/(-7) composite?
True
Suppose -j - 4*j = -q - 15, -4*j - q + 21 = 0. Suppose -j*h + 278 = -2*h. Is h prime?
True
Let x be (-594)/(-77) + (-2)/(-7). Suppose 4*m = 2*o + x, 12 = 5*o - 4*m + 2*m. Is (o + 1)*(-56)/(-20) a composite number?
True
Suppose 27*y = 9*y + 15444. Let i = y + 505. Is i composite?
True
Is (40/5)/(-2) - -4767 composite?
True
Let d(z) = z**2 - 4*z - 12. Let b be d(6). Suppose b = 3*a + 5*s + 932, -4*s = 7*a - 2*a + 1549. Let u = a + 520. Is u a composite number?
False
Let d(o) = 7*o**2 + 12*o - 5. Let k be 15/35 + (-118)/14. Is d(k) prime?
True
Suppose 303 = 3*a - 276. Suppose -s - 380 = -2*b, -b - 2*s + s + a = 0. Is b composite?
False
Let x(r) be the third derivative of 7*r**6/24 + r**5/30 - 5*r**4/24 - 7*r**3/6 + 21*r**2. Is x(3) composite?
False
Suppose -7*z + 7 = -21. Suppose z*o = -o + 4*m + 274, -3*o + 194 = 5*m. Is o prime?
False
Let v(m) = -6013*m - 1100. Is v(-9) composite?
False
Let n be 154/(-49)*(-7)/1. Let u be 10/55 - (-51586)/n. Suppose -u = -15*o + 10*o. Is o a composite number?
True
Let n(b) = -b**2 - 5*b - 4. Let f be n(-7). Let w be f*(-3)/((-9)/(-82)). Suppose -4*z + 3368 = w. Is z prime?
True
Suppose 5*r - 176965 = -x, r - 8*x = -13*x + 35393. Is r prime?
True
Suppose 10 = -2*t, 0 = -5*y + 7*t - 3*t + 197505. Is y prime?
False
Suppose 12 = -3*n, r + 4*r - 4*n = 16. Suppose r*v + 5*v = -3*f + 6, 3*f + 4*v - 6 = 0. Suppose 0*y + f*y - 382 = 0. Is y composite?
False
Suppose 25 = 5*y + 5. Let z(s) = s**3 - 8*s**2 - 6*s - 11. Let p be z(10). Suppose p + 227 = y*o. Is o a composite number?
False
Let f(h) = -14 - 10*h + 4*h**2 + 6 - 3*h**2. Let u be f(11). Suppose 0 = -4*y - 12, -43 + 10 = -2*a - u*y. Is a a composite number?
True
Let l(q) = -q**2 - 9*q - 12. Let i be l(-7). Let g be -633 - (3 - (i + 2)). Let z = g - -1185. Is z a composite number?
True
Suppose -t + 229 = 14. Let d = t - 109. Is d a composite number?
True
Suppose 7 = 3*z + 1. Suppose -z*d + s = -20, d - 5*d = 3*s - 20. Suppose -487 - 570 = -3*g + 4*o, 0 = -2*o - d. Is g composite?
False
Let y(z) = 13*z - 41. Let f be y(8). Is 203/f + -3 - 601/(-9) a composite number?
False
Let g = 29155 - 12182. Is g a composite number?
True
Suppose 7*y - 103927 = -3344. Is y composite?
False
Suppose -m = 3*i - 2390, -4*i = -i + 2*m - 2395. Suppose -7*g = -2*g - i. Is g a composite number?
True
Let v = -3134 + 1998. Let q = v - -1677. Is q a prime number?
True
Let p = -20 - 15. Is (p/3)/(7/(-21)) prime?
False
Let g(u) = -u + 4. Let i be g(2). Suppose 5*r - 576 - 56 = -3*k, 0 = -2*k - i*r + 428. Is (0 - 1) + k + 3 a composite number?
True
Suppose u - 43 = 5*d, -4*d = 5*u + 34 + 12. Let i = d - -9. Let w(c) = -3*c + 127. Is w(i) a composite number?
False
Let j(n) = -50*n - 813. Is j(-22) a composite number?
True
Suppose 0 = -3*c - 2*m + 15935, 8*m - 3*m = 4*c - 21239. Is c prime?
False
Let a(s) = -3*s**3 - 49*s**2 - 69*s - 17. Is a(-30) prime?
True
Let y(b) = -5066*b - 9. Is y(-1) prime?
False
Let f be (-56)/20 - (-3)/(-15). Let t(c) = 23 - 12 - 7 - 14*c**3 + 0*c + 4*c + c**2. Is t(f) composite?
False
Suppose 8*h - 308262 = -13862. Suppose 6*w - h = 15646. Is w a prime number?
True
Suppose 12 = -6*j - 30. Let u(f) = f**3 - 3*f**2 + f. Let b be u(6). Let r = b - j. Is r composite?
True
Let r = -24 + 24. Is r + 4/4 + 210 a composite number?
False
Let o(y) = -3*y**3 - y**2 + y + 1. Let d be o(-1). Suppose 0 = s - 1, -a + 1153 = d*s - 0*s. Is a composite?
False
Let x(k) = -k - 101. Let m be x(-30). Let p = 410 - m. Is p a composite number?
True
Let q = -370725 + 540280. Is q a composite number?
True
Let i(y) be the second derivative of -9*y**5/10 - 2*y**4/3 + 4*y**